{"id":92,"date":"2022-06-23T18:31:28","date_gmt":"2022-06-23T16:31:28","guid":{"rendered":"http:\/\/www.cat37.com\/?page_id=92"},"modified":"2025-08-25T14:10:43","modified_gmt":"2025-08-25T12:10:43","slug":"terrain-exterieur","status":"publish","type":"page","link":"https:\/\/www.cat37.com\/index.php\/terrain-exterieur\/","title":{"rendered":"Terrain ext\u00e9rieur"},"content":{"rendered":"\n<div class=\"wp-block-media-text alignwide is-stacked-on-mobile\" style=\"grid-template-columns:62% auto\"><figure class=\"wp-block-media-text__media\"><img loading=\"lazy\" decoding=\"async\" width=\"1024\" height=\"602\" src=\"http:\/\/www.cat37.com\/wp-content\/uploads\/2022\/06\/acces-terrain-CAT-1024x602.png\" alt=\"\" class=\"wp-image-93 size-full\" srcset=\"https:\/\/www.cat37.com\/wp-content\/uploads\/2022\/06\/acces-terrain-CAT-1024x602.png 1024w, https:\/\/www.cat37.com\/wp-content\/uploads\/2022\/06\/acces-terrain-CAT-300x176.png 300w, https:\/\/www.cat37.com\/wp-content\/uploads\/2022\/06\/acces-terrain-CAT-768x452.png 768w, https:\/\/www.cat37.com\/wp-content\/uploads\/2022\/06\/acces-terrain-CAT.png 1404w\" sizes=\"auto, (max-width: 1024px) 100vw, 1024px\" \/><\/figure><div class=\"wp-block-media-text__content\">\n<h2 class=\"wp-block-heading\">Situation du terrain<\/h2>\n\n\n\n<p>Notre terrain est situ\u00e9 pr\u00e8s de la Chapelle Blanche St Martin. On y acc\u00e8de en prenant la route de VOU, puis \u00e0 gauche le chemin en face du hameau \u00ab Cosnier \u00bb. Apr\u00e8s le bois tourner \u00e0 gauche, le terrain est alors \u00e0 300 m\u00e8tres.<br>Coordonn\u00e9es GPS : 47 05 21 N 00 48 26 E. Affiliation FFAM n\u00b0102. DDJS n\u00b037 S 319<\/p>\n\n\n\n<p><\/p>\n<\/div><\/div>\n\n\n\n<div class=\"wp-block-media-text alignwide is-stacked-on-mobile\" style=\"grid-template-columns:62% auto\"><figure class=\"wp-block-media-text__media\"><img loading=\"lazy\" decoding=\"async\" width=\"1024\" height=\"570\" src=\"http:\/\/www.cat37.com\/wp-content\/uploads\/2022\/06\/terrain2-1024x570.jpg\" alt=\"\" class=\"wp-image-94 size-full\" srcset=\"https:\/\/www.cat37.com\/wp-content\/uploads\/2022\/06\/terrain2-1024x570.jpg 1024w, https:\/\/www.cat37.com\/wp-content\/uploads\/2022\/06\/terrain2-300x167.jpg 300w, https:\/\/www.cat37.com\/wp-content\/uploads\/2022\/06\/terrain2-768x428.jpg 768w, https:\/\/www.cat37.com\/wp-content\/uploads\/2022\/06\/terrain2.jpg 1278w\" sizes=\"auto, (max-width: 1024px) 100vw, 1024px\" \/><\/figure><div class=\"wp-block-media-text__content\">\n<p class=\"has-large-font-size\">Pistes et infrastructures<\/p>\n\n\n\n<p>Les vols de loisir sont possibles tous les jours sur notre terrain selon la m\u00e9t\u00e9o et les conditions d&rsquo;acc\u00e8s. Le terrain d&rsquo;une surface de 4 hectares dispose de 3 pistes en herbe, selon l&rsquo;orientation du vent. Un panneau d&rsquo;affichage centralise les informations essentielles: r\u00e8glement, altitude, num\u00e9ros d&rsquo;urgence, etc\u2026 Un abri de 16 m\u00b2 a \u00e9t\u00e9 construit en dur, \u00e9quip\u00e9 de tables. Des toilettes \u00e0 la turc sont disponibles le long de la haie.<\/p>\n<\/div><\/div>\n\n\n\n<div class=\"wp-block-media-text alignwide is-stacked-on-mobile\" style=\"grid-template-columns:62% auto\"><figure class=\"wp-block-media-text__media\"><img loading=\"lazy\" decoding=\"async\" width=\"768\" height=\"1024\" src=\"https:\/\/www.cat37.com\/wp-content\/uploads\/2025\/08\/VueAeroTerrain2-768x1024.jpg\" alt=\"\" class=\"wp-image-1913 size-full\" srcset=\"https:\/\/www.cat37.com\/wp-content\/uploads\/2025\/08\/VueAeroTerrain2-768x1024.jpg 768w, https:\/\/www.cat37.com\/wp-content\/uploads\/2025\/08\/VueAeroTerrain2-225x300.jpg 225w, https:\/\/www.cat37.com\/wp-content\/uploads\/2025\/08\/VueAeroTerrain2-1152x1536.jpg 1152w, https:\/\/www.cat37.com\/wp-content\/uploads\/2025\/08\/VueAeroTerrain2.jpg 1200w\" sizes=\"auto, (max-width: 768px) 100vw, 768px\" \/><\/figure><div class=\"wp-block-media-text__content\">\n<p class=\"has-medium-font-size\">Cr\u00e9dit image : Jo\u00ebl-Antoine, aout 2025<\/p>\n\n\n\n<p><\/p>\n<\/div><\/div>\n","protected":false},"excerpt":{"rendered":"<p>Situation du terrain Notre terrain est situ\u00e9 pr\u00e8s de la Chapelle Blanche St Martin. On y acc\u00e8de en prenant la route de VOU, puis \u00e0 gauche le chemin en face du hameau \u00ab Cosnier \u00bb. Apr\u00e8s le bois tourner \u00e0 gauche, le terrain est alors \u00e0 300 m\u00e8tres.Coordonn\u00e9es GPS : 47 05 21 N 00 &hellip;<\/p>\n<p class=\"read-more\"> <a class=\"\" href=\"https:\/\/www.cat37.com\/index.php\/terrain-exterieur\/\"> <span class=\"screen-reader-text\">Terrain ext\u00e9rieur<\/span> Lire la suite\u00a0\u00bb<\/a><\/p>\n","protected":false},"author":1,"featured_media":0,"parent":0,"menu_order":0,"comment_status":"closed","ping_status":"closed","template":"","meta":{"site-sidebar-layout":"default","site-content-layout":"default","ast-global-header-display":"","ast-main-header-display":"","ast-hfb-above-header-display":"","ast-hfb-below-header-display":"","ast-hfb-mobile-header-display":"","site-post-title":"","ast-breadcrumbs-content":"","ast-featured-img":"","footer-sml-layout":"","theme-transparent-header-meta":"","adv-header-id-meta":"","stick-header-meta":"","header-above-stick-meta":"","header-main-stick-meta":"","header-below-stick-meta":"","footnotes":""},"class_list":["post-92","page","type-page","status-publish","hentry"],"_links":{"self":[{"href":"https:\/\/www.cat37.com\/index.php\/wp-json\/wp\/v2\/pages\/92","targetHints":{"allow":["GET"]}}],"collection":[{"href":"https:\/\/www.cat37.com\/index.php\/wp-json\/wp\/v2\/pages"}],"about":[{"href":"https:\/\/www.cat37.com\/index.php\/wp-json\/wp\/v2\/types\/page"}],"author":[{"embeddable":true,"href":"https:\/\/www.cat37.com\/index.php\/wp-json\/wp\/v2\/users\/1"}],"replies":[{"embeddable":true,"href":"https:\/\/www.cat37.com\/index.php\/wp-json\/wp\/v2\/comments?post=92"}],"version-history":[{"count":2,"href":"https:\/\/www.cat37.com\/index.php\/wp-json\/wp\/v2\/pages\/92\/revisions"}],"predecessor-version":[{"id":1914,"href":"https:\/\/www.cat37.com\/index.php\/wp-json\/wp\/v2\/pages\/92\/revisions\/1914"}],"wp:attachment":[{"href":"https:\/\/www.cat37.com\/index.php\/wp-json\/wp\/v2\/media?parent=92"}],"curies":[{"name":"wp","href":"https:\/\/api.w.org\/{rel}","templated":true}]}}