{"id":42,"date":"2022-06-23T14:04:12","date_gmt":"2022-06-23T12:04:12","guid":{"rendered":"http:\/\/www.cat37.com\/?page_id=42"},"modified":"2026-01-22T18:42:10","modified_gmt":"2026-01-22T17:42:10","slug":"club-aeromodeliste-de-touraine-cat37","status":"publish","type":"page","link":"https:\/\/www.cat37.com\/","title":{"rendered":"Club A\u00e9romod\u00e9liste de Touraine (CAT37)"},"content":{"rendered":"\n<figure class=\"wp-block-image size-full is-resized is-style-default\"><img loading=\"lazy\" decoding=\"async\" width=\"960\" height=\"406\" src=\"http:\/\/www.cat37.com\/wp-content\/uploads\/2022\/06\/cropped-17191757_118214618709957_3520314336280926631_o.jpg\" alt=\"\" class=\"wp-image-9\" srcset=\"https:\/\/www.cat37.com\/wp-content\/uploads\/2022\/06\/cropped-17191757_118214618709957_3520314336280926631_o.jpg 960w, https:\/\/www.cat37.com\/wp-content\/uploads\/2022\/06\/cropped-17191757_118214618709957_3520314336280926631_o-300x127.jpg 300w, https:\/\/www.cat37.com\/wp-content\/uploads\/2022\/06\/cropped-17191757_118214618709957_3520314336280926631_o-768x325.jpg 768w\" sizes=\"auto, (max-width: 960px) 100vw, 960px\" \/><figcaption class=\"wp-element-caption\">Cr\u00e9\u00e9 en 1980 par des pratiquants du Vol Libre, le Club A\u00e9romod\u00e9liste de Touraine accueille toutes les activit\u00e9s de l&rsquo;a\u00e9romod\u00e9lisme, tant en loisir qu&rsquo;en comp\u00e9tition: planeurs, avions, h\u00e9licopt\u00e8res, drones, paramoteurs&#8230;<br>Association r\u00e9gie par la loi du 1er juillet 1901 &#8211; <strong>Affiliation FFAM n\u00b0102 &#8211; DDJS n\u00b037 S 319.<\/strong><br>Adresse : 15 Rue Dang\u00e9 d&rsquo;Orsay &#8211; 37240 La Chapelle Blanche Saint Martin<\/figcaption><\/figure>\n\n\n<p>Facebook <a href=\"https:\/\/www.facebook.com\/ClubAeromodelistedeTouraine\" target=\"_blank\" rel=\"noopener\">Cat A\u00e9romod\u00e9lisme<\/a><\/p>\n\n\n<figure class=\"wp-block-image size-full\"><img loading=\"lazy\" decoding=\"async\" width=\"1810\" height=\"2560\" src=\"https:\/\/www.cat37.com\/wp-content\/uploads\/2026\/01\/AERO_DESCARTES_2026-copie-scaled.jpg\" alt=\"\" class=\"wp-image-1998\" srcset=\"https:\/\/www.cat37.com\/wp-content\/uploads\/2026\/01\/AERO_DESCARTES_2026-copie-scaled.jpg 1810w, https:\/\/www.cat37.com\/wp-content\/uploads\/2026\/01\/AERO_DESCARTES_2026-copie-212x300.jpg 212w, https:\/\/www.cat37.com\/wp-content\/uploads\/2026\/01\/AERO_DESCARTES_2026-copie-724x1024.jpg 724w, https:\/\/www.cat37.com\/wp-content\/uploads\/2026\/01\/AERO_DESCARTES_2026-copie-768x1086.jpg 768w, https:\/\/www.cat37.com\/wp-content\/uploads\/2026\/01\/AERO_DESCARTES_2026-copie-1086x1536.jpg 1086w, https:\/\/www.cat37.com\/wp-content\/uploads\/2026\/01\/AERO_DESCARTES_2026-copie-1448x2048.jpg 1448w\" sizes=\"auto, (max-width: 1810px) 100vw, 1810px\" \/><\/figure>\n","protected":false},"excerpt":{"rendered":"<p>Facebook Cat A\u00e9romod\u00e9lisme<\/p>\n","protected":false},"author":1,"featured_media":0,"parent":0,"menu_order":0,"comment_status":"closed","ping_status":"closed","template":"","meta":{"site-sidebar-layout":"default","site-content-layout":"default","ast-global-header-display":"","ast-main-header-display":"","ast-hfb-above-header-display":"","ast-hfb-below-header-display":"","ast-hfb-mobile-header-display":"","site-post-title":"","ast-breadcrumbs-content":"","ast-featured-img":"","footer-sml-layout":"","theme-transparent-header-meta":"","adv-header-id-meta":"","stick-header-meta":"","header-above-stick-meta":"","header-main-stick-meta":"","header-below-stick-meta":"","footnotes":""},"class_list":["post-42","page","type-page","status-publish","hentry"],"_links":{"self":[{"href":"https:\/\/www.cat37.com\/index.php\/wp-json\/wp\/v2\/pages\/42","targetHints":{"allow":["GET"]}}],"collection":[{"href":"https:\/\/www.cat37.com\/index.php\/wp-json\/wp\/v2\/pages"}],"about":[{"href":"https:\/\/www.cat37.com\/index.php\/wp-json\/wp\/v2\/types\/page"}],"author":[{"embeddable":true,"href":"https:\/\/www.cat37.com\/index.php\/wp-json\/wp\/v2\/users\/1"}],"replies":[{"embeddable":true,"href":"https:\/\/www.cat37.com\/index.php\/wp-json\/wp\/v2\/comments?post=42"}],"version-history":[{"count":10,"href":"https:\/\/www.cat37.com\/index.php\/wp-json\/wp\/v2\/pages\/42\/revisions"}],"predecessor-version":[{"id":1999,"href":"https:\/\/www.cat37.com\/index.php\/wp-json\/wp\/v2\/pages\/42\/revisions\/1999"}],"wp:attachment":[{"href":"https:\/\/www.cat37.com\/index.php\/wp-json\/wp\/v2\/media?parent=42"}],"curies":[{"name":"wp","href":"https:\/\/api.w.org\/{rel}","templated":true}]}}